{"id":16,"date":"2025-11-18T15:16:36","date_gmt":"2025-11-18T15:16:36","guid":{"rendered":"https:\/\/hostalfenix.com\/?page_id=16"},"modified":"2025-11-24T18:07:26","modified_gmt":"2025-11-24T18:07:26","slug":"habitaciones","status":"publish","type":"page","link":"https:\/\/hostalfenix.com\/index.php\/habitaciones\/","title":{"rendered":"Habitaciones"},"content":{"rendered":"\n<div align=\"center\" style=\"border: 1px solid #fab702;padding: 10px; padding-bottom:0px; padding-top:15px;margin-bottom: 15px;border-radius: 6px; text-align: center\"><strong><h5>HABITACI\u00d3N INDIVIDUAL<br><div style=\"margin-top:10px\"><button onclick=\"window.location.href='https:\/\/www.hostalfenix.com\/index.php\/reservar'\"> RESERVAR <\/button><\/div><\/h5><\/strong><\/div>\n<div align=center><img decoding=\"async\" class=\"mi-imagen\" style=\"border: 1px solid #ffffff;\" src=\"https:\/\/hostalfenix.com\/wp-content\/uploads\/2025\/11\/Imagen-de-WhatsApp-2025-11-24-a-las-17.37.03_2a2aa178-e1764006524619.jpg\" alt=\"\"><\/div><br>\n\n\n\n<p>Habitaci\u00f3n individual de 12 m\u00b2 con balc\u00f3n y vistas a la ciudad o al patio interior. Dispone de aire acondicionado, calefacci\u00f3n, nevera, escritorio y TV de pantalla plana con canales por cable y v\u00eda sat\u00e9lite. Incluye cama c\u00f3moda, ba\u00f1o privado con ducha, art\u00edculos de aseo, secador y toallas. Alojamiento accesible, con opci\u00f3n de cuna o cama supletoria bajo petici\u00f3n. Habitaci\u00f3n libre de humo.<\/p>\n\n\n\n<div align=\"center\" style=\"border: 1px solid #fab702;padding: 10px; padding-bottom:0px; padding-top:15px;margin-bottom: 15px;border-radius: 6px; text-align: center\"><strong><h5>HABITACI\u00d3N DOBLE (2 CAMAS)<br><div style=\"margin-top:10px\"><button onclick=\"window.location.href='https:\/\/www.hostalfenix.com\/index.php\/reservar'\"> RESERVAR <\/button><\/div><\/h5><\/strong><\/div>\n<div align=center><img decoding=\"async\" class=\"mi-imagen\" style=\"border: 1px solid #ffffff\" src=\"https:\/\/hostalfenix.com\/wp-content\/uploads\/2025\/11\/Imagen-de-WhatsApp-2025-11-24-a-las-17.37.05_e405002b.jpg\" alt=\"\"><\/div><br>\n\n\n\n<p>Habitaci\u00f3n de 12 m\u00b2 con paredes de piedra del siglo XIV, balc\u00f3n y vistas a la ciudad o al patio interior. Ofrece aire acondicionado, calefacci\u00f3n, nevera, escritorio y TV de pantalla plana. Incluye 2 camas individuales o 1 cama doble, con opci\u00f3n de cuna o cama supletoria bajo petici\u00f3n. Ba\u00f1o privado con ducha, art\u00edculos de aseo, secador y toallas. Alojamiento accesible y libre de humo.<\/p>\n\n\n\n<div align=\"center\" style=\"border: 1px solid #fab702;padding: 10px; padding-bottom:0px; padding-top:15px;margin-bottom: 15px;border-radius: 6px; text-align: center\"><strong><h5>HABITACI\u00d3N DOBLE (1 CAMA)<br><div style=\"margin-top:10px\"><button onclick=\"window.location.href='https:\/\/www.hostalfenix.com\/index.php\/reservar'\"> RESERVAR <\/button><\/div><\/h5><\/strong><\/div>\n<div align=center><img decoding=\"async\" class=\"mi-imagen\" style=\"border: 1px solid #ffffff\" src=\"https:\/\/hostalfenix.com\/wp-content\/uploads\/2025\/11\/Imagen-de-WhatsApp-2025-11-24-a-las-17.37.05_3b373646.jpg\" alt=\"\"><\/div><br>\n\n\n\n<p>Habitaci\u00f3n de 12 m\u00b2 con paredes de piedra del siglo XIV, balc\u00f3n y vistas a la ciudad o al patio interior. Ofrece aire acondicionado, calefacci\u00f3n, nevera, escritorio y TV de pantalla plana. Incluye 1 cama de uso individual, con opci\u00f3n de cuna o cama supletoria bajo petici\u00f3n. Ba\u00f1o privado con ducha, art\u00edculos de aseo, secador y toallas. Alojamiento accesible y libre de humo.<\/p>\n\n\n\n<div align=\"center\" style=\"border: 1px solid #fab702;padding: 10px; padding-bottom:0px; padding-top:15px;margin-bottom: 15px;border-radius: 6px; text-align: center\"><strong><h5>HABITACI\u00d3N TRIPLE<br><div style=\"margin-top:10px\"><button onclick=\"window.location.href='https:\/\/www.hostalfenix.com\/index.php\/reservar'\"> RESERVAR <\/button><\/div><\/h5><\/strong><\/div>\n<div align=center><img decoding=\"async\" class=\"mi-imagen\" style=\"border: 1px solid #ffffff\" src=\"https:\/\/hostalfenix.com\/wp-content\/uploads\/2025\/11\/Imagen-de-WhatsApp-2025-11-24-a-las-17.37.03_c9cbb356.jpg\" alt=\"\"><\/div><br>\n\n\n\n<p>Habitaci\u00f3n interior de 13 m\u00b2 con aire acondicionado, 1 cama doble y 1 cama individual, ideal para familias. Dispone de 2 ba\u00f1os privados con ducha, art\u00edculos de aseo, secador y toallas. Cuenta con TV de pantalla plana, calefacci\u00f3n, escritorio, armario y canales por cable y sat\u00e9lite. Opci\u00f3n de cuna o cama supletoria bajo petici\u00f3n. Habitaci\u00f3n comunicada disponible y libre de humo.<\/p>\n\n\n\n<div align=\"center\" style=\"border: 1px solid #fab702;padding: 10px; padding-bottom:0px; padding-top:15px;margin-bottom: 15px;border-radius: 6px; text-align: center\"><strong><h5>HABITACI\u00d3N CUADRUPLE<br><div style=\"margin-top:10px\"><button onclick=\"window.location.href='https:\/\/www.hostalfenix.com\/index.php\/reservar'\"> RESERVAR <\/button><\/div><\/h5><\/strong><\/div>\n<div align=center><img decoding=\"async\" class=\"mi-imagen\" style=\"border: 1px solid #ffffff\" src=\"https:\/\/hostalfenix.com\/wp-content\/uploads\/2025\/11\/Imagen-de-WhatsApp-2025-11-24-a-las-17.37.05_2b7da704.jpg\" alt=\"\"><\/div><br>\n\n\n\n<p>Habitaci\u00f3n amplia de 20 m\u00b2 formada por dos estancias comunicadas, con aire acondicionado, 2 camas individuales y 1 cama doble. Dispone de 2 ba\u00f1os privados con ducha, art\u00edculos de aseo y secador, adem\u00e1s de 2 TV de pantalla plana. Ofrece escritorio, calefacci\u00f3n, armario y canales por cable y sat\u00e9lite. Opci\u00f3n de cuna o cama supletoria bajo petici\u00f3n. Ideal para familias, aunque con poca privacidad entre las habitaciones. Libre de humo.<\/p>\n\n\n\n<p><\/p>\n","protected":false},"excerpt":{"rendered":"<p>HABITACI\u00d3N INDIVIDUAL RESERVAR Habitaci\u00f3n individual de 12 m\u00b2 con balc\u00f3n y vistas a la ciudad o al patio interior. Dispone de aire acondicionado, calefacci\u00f3n, nevera, escritorio y TV de pantalla plana con canales por cable y v\u00eda sat\u00e9lite. Incluye cama c\u00f3moda, ba\u00f1o privado con ducha, art\u00edculos de aseo, secador y toallas. Alojamiento accesible, con opci\u00f3n [&hellip;]<\/p>\n","protected":false},"author":1,"featured_media":0,"parent":0,"menu_order":0,"comment_status":"closed","ping_status":"closed","template":"","meta":{"footnotes":""},"class_list":["post-16","page","type-page","status-publish","hentry"],"_links":{"self":[{"href":"https:\/\/hostalfenix.com\/index.php\/wp-json\/wp\/v2\/pages\/16","targetHints":{"allow":["GET"]}}],"collection":[{"href":"https:\/\/hostalfenix.com\/index.php\/wp-json\/wp\/v2\/pages"}],"about":[{"href":"https:\/\/hostalfenix.com\/index.php\/wp-json\/wp\/v2\/types\/page"}],"author":[{"embeddable":true,"href":"https:\/\/hostalfenix.com\/index.php\/wp-json\/wp\/v2\/users\/1"}],"replies":[{"embeddable":true,"href":"https:\/\/hostalfenix.com\/index.php\/wp-json\/wp\/v2\/comments?post=16"}],"version-history":[{"count":79,"href":"https:\/\/hostalfenix.com\/index.php\/wp-json\/wp\/v2\/pages\/16\/revisions"}],"predecessor-version":[{"id":368,"href":"https:\/\/hostalfenix.com\/index.php\/wp-json\/wp\/v2\/pages\/16\/revisions\/368"}],"wp:attachment":[{"href":"https:\/\/hostalfenix.com\/index.php\/wp-json\/wp\/v2\/media?parent=16"}],"curies":[{"name":"wp","href":"https:\/\/api.w.org\/{rel}","templated":true}]}}